{"id":36472,"date":"2024-09-05T16:44:52","date_gmt":"2024-09-05T21:44:52","guid":{"rendered":"https:\/\/dge.qroo.gob.mx\/?page_id=36472"},"modified":"2024-09-05T16:47:19","modified_gmt":"2024-09-05T21:47:19","slug":"informe-de-solicitudes-de-informacion-2023","status":"publish","type":"page","link":"https:\/\/dge.qroo.gob.mx\/index.php\/informe-de-solicitudes-de-informacion-2023\/","title":{"rendered":"INFORME DE SOLICITUDES DE INFORMACI\u00d3N 2023"},"content":{"rendered":"\t\t<div data-elementor-type=\"wp-page\" data-elementor-id=\"36472\" class=\"elementor elementor-36472\">\n\t\t\t\t<div class=\"elementor-element elementor-element-3f207b3 e-flex e-con-boxed e-con e-parent\" data-id=\"3f207b3\" data-element_type=\"container\" data-e-type=\"container\">\n\t\t\t\t\t<div class=\"e-con-inner\">\n\t\t\t\t<div class=\"elementor-element elementor-element-1aee5b3 elementor-widget elementor-widget-heading\" data-id=\"1aee5b3\" data-element_type=\"widget\" data-e-type=\"widget\" data-widget_type=\"heading.default\">\n\t\t\t\t<div class=\"elementor-widget-container\">\n\t\t\t\t\t<h2 class=\"elementor-heading-title elementor-size-default\">INFORME DE SOLICITUDES DE INFORMACI\u00d3N 2023<\/h2>\t\t\t\t<\/div>\n\t\t\t\t<\/div>\n\t\t\t\t\t<\/div>\n\t\t\t\t<\/div>\n\t\t<div class=\"elementor-element elementor-element-93aa2a9 e-flex e-con-boxed e-con e-parent\" data-id=\"93aa2a9\" data-element_type=\"container\" data-e-type=\"container\">\n\t\t\t\t\t<div class=\"e-con-inner\">\n\t\t\t\t<div class=\"elementor-element elementor-element-9e12285 elementor-widget elementor-widget-spacer\" data-id=\"9e12285\" data-element_type=\"widget\" data-e-type=\"widget\" data-widget_type=\"spacer.default\">\n\t\t\t\t<div class=\"elementor-widget-container\">\n\t\t\t\t\t\t\t<div class=\"elementor-spacer\">\n\t\t\t<div class=\"elementor-spacer-inner\"><\/div>\n\t\t<\/div>\n\t\t\t\t\t\t<\/div>\n\t\t\t\t<\/div>\n\t\t\t\t<div class=\"elementor-element elementor-element-77417df elementor-widget elementor-widget-text-editor\" data-id=\"77417df\" data-element_type=\"widget\" data-e-type=\"widget\" data-widget_type=\"text-editor.default\">\n\t\t\t\t<div class=\"elementor-widget-container\">\n\t\t\t\t\t\t\t\t\t<h5>FRACCION XXIX EN LA PLATAFORMA NACIONAL DE TRANSPARENCIA (PNT)<\/h5>\t\t\t\t\t\t\t\t<\/div>\n\t\t\t\t<\/div>\n\t\t\t\t\t<\/div>\n\t\t\t\t<\/div>\n\t\t<div class=\"elementor-element elementor-element-beb32fd e-flex e-con-boxed e-con e-parent\" data-id=\"beb32fd\" data-element_type=\"container\" data-e-type=\"container\">\n\t\t\t\t\t<div class=\"e-con-inner\">\n\t\t\t\t<div class=\"elementor-element elementor-element-bd2c930 elementor-widget elementor-widget-text-editor\" data-id=\"bd2c930\" data-element_type=\"widget\" data-e-type=\"widget\" data-widget_type=\"text-editor.default\">\n\t\t\t\t<div class=\"elementor-widget-container\">\n\t\t\t\t\t\t\t\t\t<p>Los sujetos obligados deber\u00e1n publicar una relaci\u00f3n de todos y cada uno de los informes que, de acuerdo con su naturaleza y la normatividad vigente que les resulte aplicable, se encuentren obligados a rendir ante cualquier otro sujeto obligado; asimismo, se deber\u00e1 vincular al documento del informe que corresponda.<\/p><p>La informaci\u00f3n publicada no deber\u00e1 estar relacionada con informes program\u00e1ticos presupuestales y financieros, tampoco deber\u00e1 relacionarse con la informaci\u00f3n sobre procedimientos de adjudicaci\u00f3n directa, invitaci\u00f3n restringida y licitaci\u00f3n de cualquier naturaleza.<\/p><p><strong><u>INFORMES 2023<\/u><\/strong><\/p><p><strong>INFORMES MENSUALES<\/strong><\/p><div><ul><li><strong>Enero<\/strong><strong style=\"font-size: inherit;\">\u00a0<\/strong><\/li><\/ul><\/div><ol><li><a href=\"https:\/\/drive.google.com\/file\/d\/19SG5csP8VxETTiTFtOqXpkZvy7y6O8o5\/view\" target=\"_blank\" rel=\"noopener noreferrer\">Informe de Solicitud de Informaci\u00f3n<\/a><a href=\"https:\/\/drive.google.com\/file\/d\/1fQCjmaJu7USGPwPEwrFtpVLWRvQ9sdp8\/view\" target=\"_blank\" rel=\"noopener noreferrer\">\u00a0<\/a><\/li><li><a href=\"https:\/\/drive.google.com\/file\/d\/11PbHTCTMTQkSpMxkvKHfU5xX91FXD2w4\/view\" target=\"_blank\" rel=\"noopener noreferrer\">Informe de Solicitudes de Derechos ARCO<\/a><\/li><\/ol><div><ul><li><strong>Febrero<\/strong><\/li><\/ul><\/div><ol><li><a href=\"https:\/\/drive.google.com\/file\/d\/1ApxndN7-HtjEvp6oByZvrnCqEXT32Kbq\/view\" target=\"_blank\" rel=\"noopener noreferrer\">Informe de Solicitud de Informaci\u00f3n<\/a><a href=\"https:\/\/drive.google.com\/file\/d\/1d4JWBvcJtcGU_g7w9mCQit165Sc6hSPz\/view\" target=\"_blank\" rel=\"noopener noreferrer\">\u00a0<\/a><\/li><li><a href=\"https:\/\/drive.google.com\/file\/d\/1gcy0CoPxYKTda6fYo0v5lWQxhWmf8NBV\/view\" target=\"_blank\" rel=\"noopener noreferrer\">Informe de Solicitudes de Derechos ARCO<\/a><\/li><\/ol><div><ul><li><strong>Marzo<\/strong><\/li><\/ul><\/div><ol><li><a href=\"https:\/\/drive.google.com\/file\/d\/1Gz0EiAUG-b_7_6-dCCeYW8hOQ_iK41TK\/view\" target=\"_blank\" rel=\"noopener noreferrer\">Informe de Solicitud de Informaci\u00f3n<\/a><a href=\"https:\/\/drive.google.com\/file\/d\/1yROwjl4VzX5Xsw7uD2JDlbcihFx9qiVt\/view\" target=\"_blank\" rel=\"noopener noreferrer\">\u00a0<\/a><\/li><li><a href=\"https:\/\/drive.google.com\/file\/d\/1msxCvc7yeX0YElJ_TNEEymCifdFrqqEy\/view\" target=\"_blank\" rel=\"noopener noreferrer\">Informe de Solicitudes de Derechos ARCO<\/a><\/li><\/ol><div><ul><li><strong>Abril<\/strong><\/li><\/ul><\/div><ol><li><a href=\"https:\/\/drive.google.com\/file\/d\/1XxR9a1Nr4zn0uZh1aWCOWQ4qK68nW3Zi\/view\" target=\"_blank\" rel=\"noopener noreferrer\">Informe de Solicitud de Informaci\u00f3n<\/a><\/li><li><a href=\"https:\/\/drive.google.com\/file\/d\/117xc27rqqoW1EQaSjTbfzEk2n55lWeOB\/view\" target=\"_blank\" rel=\"noopener noreferrer\">Informe de Solicitudes de Derechos ARCO<\/a><\/li><\/ol><div><ul><li><strong>Mayo<\/strong><\/li><\/ul><\/div><ol><li><a href=\"https:\/\/drive.google.com\/file\/d\/1uaudvYhdqot27UNnVL-mphXcT6UW2gzl\/view\" target=\"_blank\" rel=\"noopener noreferrer\">Informe de Solicitud de Informaci\u00f3n<\/a><a href=\"https:\/\/drive.google.com\/file\/d\/1WUCT1UOlMNlU441-A_E1UKkxZLVL66Ib\/view\" target=\"_blank\" rel=\"noopener noreferrer\">\u00a0<\/a><\/li><li><a href=\"https:\/\/drive.google.com\/file\/d\/13WjGIQXr9fC6D82WUC2llOnrQF1kvi2s\/view\" target=\"_blank\" rel=\"noopener noreferrer\">Informe de Solicitudes de Derechos ARCO<\/a><\/li><\/ol><div><ul><li><strong>Junio<\/strong><\/li><\/ul><\/div><ol><li><a href=\"https:\/\/drive.google.com\/file\/d\/1uW63v61XFYZOHdTXbWuA_YTigkiZnLys\/view\" target=\"_blank\" rel=\"noopener noreferrer\">Informe de Solicitud de Informaci\u00f3n<\/a><a href=\"https:\/\/drive.google.com\/file\/d\/1uWzAcgoLO8vo3HFeDViQr2SJ17aBzRTg\/view\" target=\"_blank\" rel=\"noopener noreferrer\">\u00a0<\/a><\/li><li><a href=\"https:\/\/drive.google.com\/file\/d\/13VbpmO1VEbraeSEQ2-5jQtzHiu-pkg8J\/view\" target=\"_blank\" rel=\"noopener noreferrer\">Informe de Solicitudes de Derechos ARCO<\/a><\/li><\/ol><div><ul><li><strong>Julio<\/strong><\/li><\/ul><\/div><ol><li><a href=\"https:\/\/drive.google.com\/file\/d\/1sj6sJ7znE_0MYbfTG2AbFrw8lI_84zr4\/view\" target=\"_blank\" rel=\"noopener noreferrer\">Informe de Solicitud de Informaci\u00f3n<\/a><\/li><li><a href=\"https:\/\/drive.google.com\/file\/d\/1WoOekwEU3zC4Fmtfz3FKQh7dNkgFAAbN\/view\" target=\"_blank\" rel=\"noopener noreferrer\">Informe de Solicitudes de Derechos ARCO<\/a><\/li><\/ol><div><ul><li><strong>Agosto<\/strong><\/li><\/ul><\/div><ol><li><a href=\"https:\/\/drive.google.com\/file\/d\/1_GEfLNQNtIrb4SWNWwOAyZuZZiIdy6mt\/view\" target=\"_blank\" rel=\"noopener noreferrer\">Informe de Solicitud de Informaci\u00f3n<\/a><a href=\"https:\/\/drive.google.com\/file\/d\/1dMkNHLmV1BhyF986lA1QHxHYDXJYICvC\/view\" target=\"_blank\" rel=\"noopener noreferrer\">\u00a0<\/a><\/li><li><a href=\"https:\/\/drive.google.com\/file\/d\/1P9FiiTzaXQdBd51YlKZOCFJeUtUI-oHw\/view\" target=\"_blank\" rel=\"noopener noreferrer\">Informe de Solicitudes de Derechos ARCO<\/a><\/li><\/ol><div><ul><li><strong>Septiembre<\/strong><\/li><\/ul><\/div><ol><li><a href=\"https:\/\/drive.google.com\/file\/d\/1k5nZtqkVfm8BaQZBW_9kXrRgOzlVHWJw\/view\" target=\"_blank\" rel=\"noopener noreferrer\">Informe de Solicitud de Informaci\u00f3n<\/a><a href=\"https:\/\/drive.google.com\/file\/d\/1zb6re5ki0EEGBXIDSWKPGcLMXL8GFzA7\/view\" target=\"_blank\" rel=\"noopener noreferrer\">\u00a0<\/a><\/li><li><a href=\"https:\/\/drive.google.com\/file\/d\/1meVIYlNXjDFJYKipnERTu1rF579lT455\/view\" target=\"_blank\" rel=\"noopener noreferrer\">Informe de Solicitudes de Derechos ARCO<\/a><\/li><\/ol><div><ul><li><strong>Octubre<\/strong><\/li><\/ul><\/div><ol><li><a href=\"https:\/\/drive.google.com\/file\/d\/1kM_iEWbQVR2qKjdEqKTaxdwuoCzeUZhR\/view?usp=sharing\" target=\"_blank\" rel=\"noopener noreferrer\">Informe de Solicitud de Informaci\u00f3n<\/a><a href=\"https:\/\/drive.google.com\/file\/d\/1eIa1i-13FUa3kgGoM6w2nFnS7AbYskRx\/view\" target=\"_blank\" rel=\"noopener noreferrer\">\u00a0<\/a><\/li><li><a href=\"https:\/\/drive.google.com\/file\/d\/1b6X8-FtFPy0dxMhxIvE7wFX2Sl_s2wOr\/view?usp=sharing\" target=\"_blank\" rel=\"noopener noreferrer\">Informe de Solicitudes de Derechos ARCO<\/a><\/li><\/ol><div><ul><li><strong>Noviembre<\/strong><\/li><\/ul><\/div><ol><li><a href=\"https:\/\/drive.google.com\/file\/d\/1ZncPy65xSaX2_uGcXk1C_CRV50aGPrQQ\/view?usp=sharing\" target=\"_blank\" rel=\"noopener noreferrer\">Inf<\/a><a href=\"https:\/\/drive.google.com\/file\/d\/1ZncPy65xSaX2_uGcXk1C_CRV50aGPrQQ\/view?usp=sharing\" target=\"_blank\" rel=\"noopener noreferrer\">orme de Solicitud de Informaci\u00f3n<\/a>\u00a0<\/li><li><a href=\"https:\/\/drive.google.com\/file\/d\/1t56CW3jMrHYzKENHc5Z40CmZiOTIplb7\/view?usp=sharing\" target=\"_blank\" rel=\"noopener noreferrer\">Informe de Solicitudes de Derechos ARCO<\/a><\/li><\/ol><div><ul><li><strong>Diciembre<\/strong><\/li><\/ul><\/div><ol><li><a href=\"https:\/\/drive.google.com\/file\/d\/1Bcg-MZS3C6axmfYW6x-X_sMnDYpExu3w\/view?usp=sharing\" target=\"_blank\" rel=\"noopener noreferrer\">Informe de Solicitud de Informaci\u00f3n<\/a><a href=\"https:\/\/drive.google.com\/file\/d\/1Bcg-MZS3C6axmfYW6x-X_sMnDYpExu3w\/view?usp=sharing\" target=\"_blank\" rel=\"noopener noreferrer\">\u00a0<\/a><\/li><li><a href=\"https:\/\/drive.google.com\/file\/d\/1ZKYR8qDWr89HXQo5eKbM_aTLU6QgyHIh\/view?usp=sharing\" target=\"_blank\" rel=\"noopener noreferrer\">Informe de Solicitudes de Derechos ARCO<\/a><\/li><\/ol><p><strong>INFORME ANUAL<\/strong><\/p><p><strong>EN CUMPLIMIENTO AL ART. 59 DE LA LTAIPQROO<\/strong><\/p><div><p>1.<a href=\"https:\/\/drive.google.com\/file\/d\/1EhmX5wOuBZU3IB-CTP7IWkNUnM00n7qr\/view?usp=sharing\" target=\"_blank\" rel=\"noopener noreferrer\">\u00a0<\/a><a href=\"https:\/\/drive.google.com\/file\/d\/15SWEqYu5Zpy3gCLSW41ruHgyna-7ofOe\/view?usp=sharing\" target=\"_blank\" rel=\"noopener noreferrer\">Informe Anual Solicitud de Informaci\u00f3n enero-diciembre 2023<\/a><\/p><\/div><p>2.<a href=\"https:\/\/drive.google.com\/file\/d\/1A4SLxfemy_zAjFRFIwDEEyhL-WFfti2r\/view?usp=sharing\" target=\"_blank\" rel=\"noopener noreferrer\">\u00a0<\/a><a href=\"https:\/\/drive.google.com\/file\/d\/1KIjPE0mwrtYaH_LN0-o5YPwnSauCKtAA\/view?usp=sharing\" target=\"_blank\" rel=\"noopener noreferrer\">Informe Anual Solicitudes de Derechos ARCO enero-diciembre 2023<\/a><\/p>\t\t\t\t\t\t\t\t<\/div>\n\t\t\t\t<\/div>\n\t\t\t\t\t<\/div>\n\t\t\t\t<\/div>\n\t\t\t\t<\/div>\n\t\t","protected":false},"excerpt":{"rendered":"<p>INFORME DE SOLICITUDES DE INFORMACI\u00d3N 2023 FRACCION XXIX EN LA PLATAFORMA NACIONAL DE TRANSPARENCIA (PNT) Los sujetos obligados deber\u00e1n publicar una relaci\u00f3n de todos y cada uno de los informes que, de acuerdo con su naturaleza y la normatividad vigente que les resulte aplicable, se encuentren obligados a rendir ante cualquier otro sujeto obligado; asimismo, &#8230; <a title=\"INFORME DE SOLICITUDES DE INFORMACI\u00d3N 2023\" class=\"read-more\" href=\"https:\/\/dge.qroo.gob.mx\/index.php\/informe-de-solicitudes-de-informacion-2023\/\" aria-label=\"Leer m\u00e1s sobre INFORME DE SOLICITUDES DE INFORMACI\u00d3N 2023\">Leer m\u00e1s<\/a><\/p>\n","protected":false},"author":4,"featured_media":0,"parent":0,"menu_order":0,"comment_status":"closed","ping_status":"closed","template":"","meta":{"footnotes":""},"class_list":["post-36472","page","type-page","status-publish"],"yoast_head":"<!-- This site is optimized with the Yoast SEO plugin v27.4 - https:\/\/yoast.com\/product\/yoast-seo-wordpress\/ -->\n<title>INFORME DE SOLICITUDES DE INFORMACI\u00d3N 2023 - Despacho de la Gubernatura de Quintana Roo<\/title>\n<meta name=\"robots\" content=\"index, follow, max-snippet:-1, max-image-preview:large, max-video-preview:-1\" \/>\n<link rel=\"canonical\" href=\"https:\/\/dge.qroo.gob.mx\/index.php\/informe-de-solicitudes-de-informacion-2023\/\" \/>\n<meta property=\"og:locale\" content=\"es_MX\" \/>\n<meta property=\"og:type\" content=\"article\" \/>\n<meta property=\"og:title\" content=\"INFORME DE SOLICITUDES DE INFORMACI\u00d3N 2023 - Despacho de la Gubernatura de Quintana Roo\" \/>\n<meta property=\"og:description\" content=\"INFORME DE SOLICITUDES DE INFORMACI\u00d3N 2023 FRACCION XXIX EN LA PLATAFORMA NACIONAL DE TRANSPARENCIA (PNT) Los sujetos obligados deber\u00e1n publicar una relaci\u00f3n de todos y cada uno de los informes que, de acuerdo con su naturaleza y la normatividad vigente que les resulte aplicable, se encuentren obligados a rendir ante cualquier otro sujeto obligado; asimismo, ... Leer m\u00e1s\" \/>\n<meta property=\"og:url\" content=\"https:\/\/dge.qroo.gob.mx\/index.php\/informe-de-solicitudes-de-informacion-2023\/\" \/>\n<meta property=\"og:site_name\" content=\"Despacho de la Gubernatura de Quintana Roo\" \/>\n<meta property=\"article:modified_time\" content=\"2024-09-05T21:47:19+00:00\" \/>\n<meta name=\"twitter:card\" content=\"summary_large_image\" \/>\n<meta name=\"twitter:label1\" content=\"Tiempo de lectura\" \/>\n\t<meta name=\"twitter:data1\" content=\"2 minutos\" \/>\n<script type=\"application\/ld+json\" class=\"yoast-schema-graph\">{\"@context\":\"https:\\\/\\\/schema.org\",\"@graph\":[{\"@type\":\"WebPage\",\"@id\":\"https:\\\/\\\/dge.qroo.gob.mx\\\/index.php\\\/informe-de-solicitudes-de-informacion-2023\\\/\",\"url\":\"https:\\\/\\\/dge.qroo.gob.mx\\\/index.php\\\/informe-de-solicitudes-de-informacion-2023\\\/\",\"name\":\"INFORME DE SOLICITUDES DE INFORMACI\u00d3N 2023 - Despacho de la Gubernatura de Quintana Roo\",\"isPartOf\":{\"@id\":\"https:\\\/\\\/dge.qroo.gob.mx\\\/#website\"},\"datePublished\":\"2024-09-05T21:44:52+00:00\",\"dateModified\":\"2024-09-05T21:47:19+00:00\",\"breadcrumb\":{\"@id\":\"https:\\\/\\\/dge.qroo.gob.mx\\\/index.php\\\/informe-de-solicitudes-de-informacion-2023\\\/#breadcrumb\"},\"inLanguage\":\"es\",\"potentialAction\":[{\"@type\":\"ReadAction\",\"target\":[\"https:\\\/\\\/dge.qroo.gob.mx\\\/index.php\\\/informe-de-solicitudes-de-informacion-2023\\\/\"]}]},{\"@type\":\"BreadcrumbList\",\"@id\":\"https:\\\/\\\/dge.qroo.gob.mx\\\/index.php\\\/informe-de-solicitudes-de-informacion-2023\\\/#breadcrumb\",\"itemListElement\":[{\"@type\":\"ListItem\",\"position\":1,\"name\":\"Inicio\",\"item\":\"https:\\\/\\\/dge.qroo.gob.mx\\\/\"},{\"@type\":\"ListItem\",\"position\":2,\"name\":\"INFORME DE SOLICITUDES DE INFORMACI\u00d3N 2023\"}]},{\"@type\":\"WebSite\",\"@id\":\"https:\\\/\\\/dge.qroo.gob.mx\\\/#website\",\"url\":\"https:\\\/\\\/dge.qroo.gob.mx\\\/\",\"name\":\"Despacho de la Gubernatura de Quintana Roo\",\"description\":\"\",\"publisher\":{\"@id\":\"https:\\\/\\\/dge.qroo.gob.mx\\\/#organization\"},\"potentialAction\":[{\"@type\":\"SearchAction\",\"target\":{\"@type\":\"EntryPoint\",\"urlTemplate\":\"https:\\\/\\\/dge.qroo.gob.mx\\\/?s={search_term_string}\"},\"query-input\":{\"@type\":\"PropertyValueSpecification\",\"valueRequired\":true,\"valueName\":\"search_term_string\"}}],\"inLanguage\":\"es\"},{\"@type\":\"Organization\",\"@id\":\"https:\\\/\\\/dge.qroo.gob.mx\\\/#organization\",\"name\":\"Despacho de la Gubernatura de Quintana Roo\",\"url\":\"https:\\\/\\\/dge.qroo.gob.mx\\\/\",\"logo\":{\"@type\":\"ImageObject\",\"inLanguage\":\"es\",\"@id\":\"https:\\\/\\\/dge.qroo.gob.mx\\\/#\\\/schema\\\/logo\\\/image\\\/\",\"url\":\"https:\\\/\\\/dge.qroo.gob.mx\\\/wp-content\\\/uploads\\\/2026\\\/01\\\/DGROO-DESPACHO-DE-LA-GUBERNATURA-scaled.jpg\",\"contentUrl\":\"https:\\\/\\\/dge.qroo.gob.mx\\\/wp-content\\\/uploads\\\/2026\\\/01\\\/DGROO-DESPACHO-DE-LA-GUBERNATURA-scaled.jpg\",\"width\":2560,\"height\":619,\"caption\":\"Despacho de la Gubernatura de Quintana Roo\"},\"image\":{\"@id\":\"https:\\\/\\\/dge.qroo.gob.mx\\\/#\\\/schema\\\/logo\\\/image\\\/\"}}]}<\/script>\n<!-- \/ Yoast SEO plugin. -->","yoast_head_json":{"title":"INFORME DE SOLICITUDES DE INFORMACI\u00d3N 2023 - Despacho de la Gubernatura de Quintana Roo","robots":{"index":"index","follow":"follow","max-snippet":"max-snippet:-1","max-image-preview":"max-image-preview:large","max-video-preview":"max-video-preview:-1"},"canonical":"https:\/\/dge.qroo.gob.mx\/index.php\/informe-de-solicitudes-de-informacion-2023\/","og_locale":"es_MX","og_type":"article","og_title":"INFORME DE SOLICITUDES DE INFORMACI\u00d3N 2023 - Despacho de la Gubernatura de Quintana Roo","og_description":"INFORME DE SOLICITUDES DE INFORMACI\u00d3N 2023 FRACCION XXIX EN LA PLATAFORMA NACIONAL DE TRANSPARENCIA (PNT) Los sujetos obligados deber\u00e1n publicar una relaci\u00f3n de todos y cada uno de los informes que, de acuerdo con su naturaleza y la normatividad vigente que les resulte aplicable, se encuentren obligados a rendir ante cualquier otro sujeto obligado; asimismo, ... Leer m\u00e1s","og_url":"https:\/\/dge.qroo.gob.mx\/index.php\/informe-de-solicitudes-de-informacion-2023\/","og_site_name":"Despacho de la Gubernatura de Quintana Roo","article_modified_time":"2024-09-05T21:47:19+00:00","twitter_card":"summary_large_image","twitter_misc":{"Tiempo de lectura":"2 minutos"},"schema":{"@context":"https:\/\/schema.org","@graph":[{"@type":"WebPage","@id":"https:\/\/dge.qroo.gob.mx\/index.php\/informe-de-solicitudes-de-informacion-2023\/","url":"https:\/\/dge.qroo.gob.mx\/index.php\/informe-de-solicitudes-de-informacion-2023\/","name":"INFORME DE SOLICITUDES DE INFORMACI\u00d3N 2023 - Despacho de la Gubernatura de Quintana Roo","isPartOf":{"@id":"https:\/\/dge.qroo.gob.mx\/#website"},"datePublished":"2024-09-05T21:44:52+00:00","dateModified":"2024-09-05T21:47:19+00:00","breadcrumb":{"@id":"https:\/\/dge.qroo.gob.mx\/index.php\/informe-de-solicitudes-de-informacion-2023\/#breadcrumb"},"inLanguage":"es","potentialAction":[{"@type":"ReadAction","target":["https:\/\/dge.qroo.gob.mx\/index.php\/informe-de-solicitudes-de-informacion-2023\/"]}]},{"@type":"BreadcrumbList","@id":"https:\/\/dge.qroo.gob.mx\/index.php\/informe-de-solicitudes-de-informacion-2023\/#breadcrumb","itemListElement":[{"@type":"ListItem","position":1,"name":"Inicio","item":"https:\/\/dge.qroo.gob.mx\/"},{"@type":"ListItem","position":2,"name":"INFORME DE SOLICITUDES DE INFORMACI\u00d3N 2023"}]},{"@type":"WebSite","@id":"https:\/\/dge.qroo.gob.mx\/#website","url":"https:\/\/dge.qroo.gob.mx\/","name":"Despacho de la Gubernatura de Quintana Roo","description":"","publisher":{"@id":"https:\/\/dge.qroo.gob.mx\/#organization"},"potentialAction":[{"@type":"SearchAction","target":{"@type":"EntryPoint","urlTemplate":"https:\/\/dge.qroo.gob.mx\/?s={search_term_string}"},"query-input":{"@type":"PropertyValueSpecification","valueRequired":true,"valueName":"search_term_string"}}],"inLanguage":"es"},{"@type":"Organization","@id":"https:\/\/dge.qroo.gob.mx\/#organization","name":"Despacho de la Gubernatura de Quintana Roo","url":"https:\/\/dge.qroo.gob.mx\/","logo":{"@type":"ImageObject","inLanguage":"es","@id":"https:\/\/dge.qroo.gob.mx\/#\/schema\/logo\/image\/","url":"https:\/\/dge.qroo.gob.mx\/wp-content\/uploads\/2026\/01\/DGROO-DESPACHO-DE-LA-GUBERNATURA-scaled.jpg","contentUrl":"https:\/\/dge.qroo.gob.mx\/wp-content\/uploads\/2026\/01\/DGROO-DESPACHO-DE-LA-GUBERNATURA-scaled.jpg","width":2560,"height":619,"caption":"Despacho de la Gubernatura de Quintana Roo"},"image":{"@id":"https:\/\/dge.qroo.gob.mx\/#\/schema\/logo\/image\/"}}]}},"_links":{"self":[{"href":"https:\/\/dge.qroo.gob.mx\/index.php\/wp-json\/wp\/v2\/pages\/36472","targetHints":{"allow":["GET"]}}],"collection":[{"href":"https:\/\/dge.qroo.gob.mx\/index.php\/wp-json\/wp\/v2\/pages"}],"about":[{"href":"https:\/\/dge.qroo.gob.mx\/index.php\/wp-json\/wp\/v2\/types\/page"}],"author":[{"embeddable":true,"href":"https:\/\/dge.qroo.gob.mx\/index.php\/wp-json\/wp\/v2\/users\/4"}],"replies":[{"embeddable":true,"href":"https:\/\/dge.qroo.gob.mx\/index.php\/wp-json\/wp\/v2\/comments?post=36472"}],"version-history":[{"count":4,"href":"https:\/\/dge.qroo.gob.mx\/index.php\/wp-json\/wp\/v2\/pages\/36472\/revisions"}],"predecessor-version":[{"id":36477,"href":"https:\/\/dge.qroo.gob.mx\/index.php\/wp-json\/wp\/v2\/pages\/36472\/revisions\/36477"}],"wp:attachment":[{"href":"https:\/\/dge.qroo.gob.mx\/index.php\/wp-json\/wp\/v2\/media?parent=36472"}],"curies":[{"name":"wp","href":"https:\/\/api.w.org\/{rel}","templated":true}]}}