{"id":36455,"date":"2024-09-05T16:33:36","date_gmt":"2024-09-05T21:33:36","guid":{"rendered":"https:\/\/dge.qroo.gob.mx\/?page_id=36455"},"modified":"2024-09-05T16:37:52","modified_gmt":"2024-09-05T21:37:52","slug":"informe-de-solicitudes-de-informacion-2021","status":"publish","type":"page","link":"https:\/\/dge.qroo.gob.mx\/index.php\/informe-de-solicitudes-de-informacion-2021\/","title":{"rendered":"INFORME DE SOLICITUDES DE INFORMACI\u00d3N 2021"},"content":{"rendered":"\t\t<div data-elementor-type=\"wp-page\" data-elementor-id=\"36455\" class=\"elementor elementor-36455\">\n\t\t\t\t<div class=\"elementor-element elementor-element-4ec64f4 e-flex e-con-boxed e-con e-parent\" data-id=\"4ec64f4\" data-element_type=\"container\" data-e-type=\"container\">\n\t\t\t\t\t<div class=\"e-con-inner\">\n\t\t\t\t<div class=\"elementor-element elementor-element-159ea8c elementor-widget elementor-widget-heading\" data-id=\"159ea8c\" data-element_type=\"widget\" data-e-type=\"widget\" data-widget_type=\"heading.default\">\n\t\t\t\t<div class=\"elementor-widget-container\">\n\t\t\t\t\t<h2 class=\"elementor-heading-title elementor-size-default\">INFORME DE SOLICITUDES DE INFORMACI\u00d3N 2021<\/h2>\t\t\t\t<\/div>\n\t\t\t\t<\/div>\n\t\t\t\t\t<\/div>\n\t\t\t\t<\/div>\n\t\t<div class=\"elementor-element elementor-element-44c3216 e-flex e-con-boxed e-con e-parent\" data-id=\"44c3216\" data-element_type=\"container\" data-e-type=\"container\">\n\t\t\t\t\t<div class=\"e-con-inner\">\n\t\t\t\t<div class=\"elementor-element elementor-element-0cb938d elementor-widget elementor-widget-spacer\" data-id=\"0cb938d\" data-element_type=\"widget\" data-e-type=\"widget\" data-widget_type=\"spacer.default\">\n\t\t\t\t<div class=\"elementor-widget-container\">\n\t\t\t\t\t\t\t<div class=\"elementor-spacer\">\n\t\t\t<div class=\"elementor-spacer-inner\"><\/div>\n\t\t<\/div>\n\t\t\t\t\t\t<\/div>\n\t\t\t\t<\/div>\n\t\t\t\t<div class=\"elementor-element elementor-element-28ac12c elementor-widget elementor-widget-text-editor\" data-id=\"28ac12c\" data-element_type=\"widget\" data-e-type=\"widget\" data-widget_type=\"text-editor.default\">\n\t\t\t\t<div class=\"elementor-widget-container\">\n\t\t\t\t\t\t\t\t\t<h5><u>FRACCION XXIX EN LA PLATAFORMA NACIONAL DE TRANSPARENCIA (PNT)<\/u><\/h5>\t\t\t\t\t\t\t\t<\/div>\n\t\t\t\t<\/div>\n\t\t\t\t\t<\/div>\n\t\t\t\t<\/div>\n\t\t<div class=\"elementor-element elementor-element-4aba944 e-flex e-con-boxed e-con e-parent\" data-id=\"4aba944\" data-element_type=\"container\" data-e-type=\"container\">\n\t\t\t\t\t<div class=\"e-con-inner\">\n\t\t\t\t<div class=\"elementor-element elementor-element-f83c73a elementor-widget elementor-widget-text-editor\" data-id=\"f83c73a\" data-element_type=\"widget\" data-e-type=\"widget\" data-widget_type=\"text-editor.default\">\n\t\t\t\t<div class=\"elementor-widget-container\">\n\t\t\t\t\t\t\t\t\t<p>Los sujetos obligados deber\u00e1n publicar una relaci\u00f3n de todos y cada uno de los informes que, de acuerdo con su naturaleza y la normatividad vigente que les resulte aplicable, se encuentren obligados a rendir ante cualquier otro sujeto obligado; asimismo, se deber\u00e1 vincular al documento del informe que corresponda.<\/p><p>La informaci\u00f3n publicada no deber\u00e1 estar relacionada con informes program\u00e1ticos presupuestales y financieros, tampoco deber\u00e1 relacionarse con la informaci\u00f3n sobre procedimientos de adjudicaci\u00f3n directa, invitaci\u00f3n restringida y licitaci\u00f3n de cualquier naturaleza.<\/p><p><strong><u>INFORMES 2021<\/u><\/strong><\/p><p><strong>INFORMES MENSUALES<\/strong><\/p><div><ul><li><strong>Enero<\/strong><\/li><\/ul><\/div><ol><li><a href=\"https:\/\/drive.google.com\/file\/d\/15if3syQbgpOggHX6_JK1NdcHK2qlgwpf\/view\" target=\"_blank\" rel=\"noopener noreferrer\">Informe de Solicitud de Informaci\u00f3n<\/a>\u00a0<\/li><li><a href=\"https:\/\/drive.google.com\/file\/d\/19ZBT7CM6-zblUM3mHWGhlZvUSLDRkjBx\/view\" target=\"_blank\" rel=\"noopener noreferrer\">Informe de Solicitudes de Derechos ARCO<\/a><\/li><\/ol><div><ul><li><strong>Febrero<\/strong><\/li><\/ul><\/div><ol><li><a href=\"https:\/\/drive.google.com\/file\/d\/1FIXxEqTyST_FZu9AVJJnWv_M2QzDMQNp\/view\" target=\"_blank\" rel=\"noopener noreferrer\">Informe de Solicitud de Informaci\u00f3n<\/a>\u00a0<\/li><li><a href=\"https:\/\/drive.google.com\/file\/d\/1otwtJYjea4VohCyxXWPsxp_Fq-rjW2j2\/view\" target=\"_blank\" rel=\"noopener noreferrer\">Informe de Solicitudes de Derechos ARCO<\/a><\/li><\/ol><div><ul><li><strong>Marzo<\/strong><\/li><\/ul><\/div><ol><li><a href=\"https:\/\/drive.google.com\/file\/d\/1blvrQyIlCz70fUIUD2DKMeJv3qeX8Ecx\/view\" target=\"_blank\" rel=\"noopener noreferrer\">Informe de Solicitud de Informaci\u00f3n<\/a>\u00a0<\/li><li><a href=\"https:\/\/drive.google.com\/file\/d\/1KFALmpcaDvbKSrIvnv3R8TuqWSJLeuZH\/view\" target=\"_blank\" rel=\"noopener noreferrer\">Informe de Solicitudes de Derechos ARCO<\/a><\/li><\/ol><div><ul><li><strong>Abril<\/strong><\/li><\/ul><\/div><ol><li><a href=\"https:\/\/drive.google.com\/file\/d\/1b1RT9Y3EBZdL-xSb-O4opnZKNN1cLBbO\/view\" target=\"_blank\" rel=\"noopener noreferrer\">Informe de Solicitud de Informaci\u00f3n\u00a0<\/a><\/li><li><a href=\"https:\/\/drive.google.com\/file\/d\/1FFCJd0ZHUFfM0Xn4A1f-qGMrhm7cl9cD\/view\" target=\"_blank\" rel=\"noopener noreferrer\">Informe de Solicitudes de Derechos ARCO<\/a><\/li><\/ol><div><ul><li><strong>Mayo<\/strong><\/li><\/ul><\/div><ol><li><a href=\"https:\/\/drive.google.com\/file\/d\/1MS3Oraqjhg9RfoPbggeypbS9CzIfciAV\/view\" target=\"_blank\" rel=\"noopener noreferrer\">Informe de Solicitud de Informaci\u00f3n<\/a>\u00a0<\/li><li><a href=\"https:\/\/drive.google.com\/file\/d\/1W6yEtXyG8ZKj3A4Mk0SWjhmJJjEdPpDO\/view\" target=\"_blank\" rel=\"noopener noreferrer\">Informe de Solicitudes de Derechos ARCO<\/a><\/li><\/ol><div><ul><li><strong>Junio<\/strong><\/li><\/ul><\/div><ol><li><a href=\"https:\/\/drive.google.com\/file\/d\/1GCNB7lb4OzY_Zv3JAbN4lPmVx-4hyMsg\/view\" target=\"_blank\" rel=\"noopener noreferrer\">Informe de Solicitud de Informaci\u00f3n<\/a>\u00a0<\/li><li><a href=\"https:\/\/drive.google.com\/file\/d\/1JtTMsJ07S32Be6juDSPjx-ZYQrFjZBHj\/view\" target=\"_blank\" rel=\"noopener noreferrer\">Informe de Solicitudes de Derechos ARCO<\/a><\/li><\/ol><div><ul><li><strong>Julio<\/strong><\/li><\/ul><\/div><ol><li><a href=\"https:\/\/drive.google.com\/file\/d\/1buE-_ZRD0u_r3-fPznJjAUxVg4unqdQD\/view\" target=\"_blank\" rel=\"noopener noreferrer\">Informe de Solicitud de Informaci\u00f3n\u00a0<\/a><\/li><li><a href=\"https:\/\/drive.google.com\/file\/d\/1iMhF7pPFdWpZJR9HqIe70TWlq20YECeZ\/view\" target=\"_blank\" rel=\"noopener noreferrer\">Informe de Solicitudes de Derechos ARCO<\/a><\/li><\/ol><div><ul><li><strong>Agosto<\/strong><\/li><\/ul><\/div><ol><li><a href=\"https:\/\/drive.google.com\/file\/d\/1KgwoFdfBQvJyBqMHCqBFSYal5JicHkFJ\/view\" target=\"_blank\" rel=\"noopener noreferrer\">Informe de Solicitud de Informaci\u00f3n<\/a>\u00a0<\/li><li><a href=\"https:\/\/drive.google.com\/file\/d\/1bHz-SW2b74EotLICxOW2Mlv1OXcKpDHl\/view\" target=\"_blank\" rel=\"noopener noreferrer\">Informe de Solicitudes de Derechos ARCO<\/a><\/li><\/ol><div><ul><li><strong>Septiembre<\/strong><\/li><\/ul><\/div><ol><li><a href=\"https:\/\/drive.google.com\/file\/d\/13jdsNhCEGtp-3YYXYNQStjUMDFVi4ThR\/view\" target=\"_blank\" rel=\"noopener noreferrer\">Informe de Solicitud de Informaci\u00f3n<\/a><a href=\"https:\/\/drive.google.com\/file\/d\/13jdsNhCEGtp-3YYXYNQStjUMDFVi4ThR\/view\" target=\"_blank\" rel=\"noopener noreferrer\">\u00a0<\/a><\/li><li><a href=\"https:\/\/drive.google.com\/file\/d\/1h4kS7DvWFo5E9X3pmL-pldp3G1x7fmm5\/view\" target=\"_blank\" rel=\"noopener noreferrer\">Informe de Solicitudes de Derechos ARCO<\/a><\/li><\/ol><div><ul><li><strong>Octubre<\/strong><\/li><\/ul><\/div><ol><li><a href=\"https:\/\/drive.google.com\/file\/d\/10QR5DjyC5d9p9w6hq5I-drsYahf9Br6P\/view\" target=\"_blank\" rel=\"noopener noreferrer\">Informe de Solicitud de Informaci\u00f3n<\/a>\u00a0<\/li><li><a href=\"https:\/\/drive.google.com\/file\/d\/1U95AALv9RJVCqnbmmNsKyMD35oKYj7vo\/view\" target=\"_blank\" rel=\"noopener noreferrer\">Informe de Solicitudes de Derechos ARCO<\/a><\/li><\/ol><div><ul><li><strong>Noviembre<\/strong><\/li><\/ul><\/div><ol><li><a href=\"https:\/\/drive.google.com\/file\/d\/1l1ZKBEnQ8L24pK64jg6N4-WP3EwpeCNx\/view\" target=\"_blank\" rel=\"noopener noreferrer\">Informe de Solicitud de Informaci\u00f3n<\/a>\u00a0<\/li><li><a href=\"https:\/\/drive.google.com\/file\/d\/1xxt-LeK_dnLH3DsZCcWSTWOozTjbJ3Zh\/view\" target=\"_blank\" rel=\"noopener noreferrer\">Informe de Solicitudes de Derechos ARCO<\/a><\/li><\/ol><div><ul><li><strong>Diciembre<\/strong><\/li><\/ul><\/div><ol><li><a href=\"https:\/\/drive.google.com\/file\/d\/1kjPtILjvwrmrZ8afhWwHVL6sBcoBRjdi\/view\" target=\"_blank\" rel=\"noopener noreferrer\">Informe de Solicitud de Informaci\u00f3n<\/a>\u00a0<\/li><li><a href=\"https:\/\/drive.google.com\/file\/d\/19x9kf36W2tYOpLixXM097QKDfaLOSUZ3\/view\" target=\"_blank\" rel=\"noopener noreferrer\">Informe de Solicitudes de Derechos ARCO<\/a><\/li><\/ol><p><strong>INFORME ANUAL<\/strong><\/p><p><strong>EN CUMPLIMIENTO AL ART. 59 DE LA LTAIPQROO<\/strong><\/p><div><p>1.\u00a0<a href=\"https:\/\/drive.google.com\/file\/d\/18QxqnpgJiAJc9p9M-4MMN7PiTEWFYig-\/view?usp=sharing\" target=\"_blank\" rel=\"noopener noreferrer\">Informe Anual Solicitud de Informaci\u00f3n enero-diciembre 2021<\/a><\/p><\/div><p>2.<a href=\"https:\/\/drive.google.com\/file\/d\/1A4SLxfemy_zAjFRFIwDEEyhL-WFfti2r\/view?usp=sharing\" target=\"_blank\" rel=\"noopener noreferrer\">Informe Anual Solicitudes de Derechos ARCO enero-diciembre 2021<\/a><\/p>\t\t\t\t\t\t\t\t<\/div>\n\t\t\t\t<\/div>\n\t\t\t\t\t<\/div>\n\t\t\t\t<\/div>\n\t\t\t\t<\/div>\n\t\t","protected":false},"excerpt":{"rendered":"<p>INFORME DE SOLICITUDES DE INFORMACI\u00d3N 2021 FRACCION XXIX EN LA PLATAFORMA NACIONAL DE TRANSPARENCIA (PNT) Los sujetos obligados deber\u00e1n publicar una relaci\u00f3n de todos y cada uno de los informes que, de acuerdo con su naturaleza y la normatividad vigente que les resulte aplicable, se encuentren obligados a rendir ante cualquier otro sujeto obligado; asimismo, &#8230; <a title=\"INFORME DE SOLICITUDES DE INFORMACI\u00d3N 2021\" class=\"read-more\" href=\"https:\/\/dge.qroo.gob.mx\/index.php\/informe-de-solicitudes-de-informacion-2021\/\" aria-label=\"Leer m\u00e1s sobre INFORME DE SOLICITUDES DE INFORMACI\u00d3N 2021\">Leer m\u00e1s<\/a><\/p>\n","protected":false},"author":4,"featured_media":0,"parent":0,"menu_order":0,"comment_status":"closed","ping_status":"closed","template":"","meta":{"footnotes":""},"class_list":["post-36455","page","type-page","status-publish"],"yoast_head":"<!-- This site is optimized with the Yoast SEO plugin v27.4 - https:\/\/yoast.com\/product\/yoast-seo-wordpress\/ -->\n<title>INFORME DE SOLICITUDES DE INFORMACI\u00d3N 2021 - Despacho de la Gubernatura de Quintana Roo<\/title>\n<meta name=\"robots\" content=\"index, follow, max-snippet:-1, max-image-preview:large, max-video-preview:-1\" \/>\n<link rel=\"canonical\" href=\"https:\/\/dge.qroo.gob.mx\/index.php\/informe-de-solicitudes-de-informacion-2021\/\" \/>\n<meta property=\"og:locale\" content=\"es_MX\" \/>\n<meta property=\"og:type\" content=\"article\" \/>\n<meta property=\"og:title\" content=\"INFORME DE SOLICITUDES DE INFORMACI\u00d3N 2021 - Despacho de la Gubernatura de Quintana Roo\" \/>\n<meta property=\"og:description\" content=\"INFORME DE SOLICITUDES DE INFORMACI\u00d3N 2021 FRACCION XXIX EN LA PLATAFORMA NACIONAL DE TRANSPARENCIA (PNT) Los sujetos obligados deber\u00e1n publicar una relaci\u00f3n de todos y cada uno de los informes que, de acuerdo con su naturaleza y la normatividad vigente que les resulte aplicable, se encuentren obligados a rendir ante cualquier otro sujeto obligado; asimismo, ... Leer m\u00e1s\" \/>\n<meta property=\"og:url\" content=\"https:\/\/dge.qroo.gob.mx\/index.php\/informe-de-solicitudes-de-informacion-2021\/\" \/>\n<meta property=\"og:site_name\" content=\"Despacho de la Gubernatura de Quintana Roo\" \/>\n<meta property=\"article:modified_time\" content=\"2024-09-05T21:37:52+00:00\" \/>\n<meta name=\"twitter:card\" content=\"summary_large_image\" \/>\n<meta name=\"twitter:label1\" content=\"Tiempo de lectura\" \/>\n\t<meta name=\"twitter:data1\" content=\"2 minutos\" \/>\n<script type=\"application\/ld+json\" class=\"yoast-schema-graph\">{\"@context\":\"https:\\\/\\\/schema.org\",\"@graph\":[{\"@type\":\"WebPage\",\"@id\":\"https:\\\/\\\/dge.qroo.gob.mx\\\/index.php\\\/informe-de-solicitudes-de-informacion-2021\\\/\",\"url\":\"https:\\\/\\\/dge.qroo.gob.mx\\\/index.php\\\/informe-de-solicitudes-de-informacion-2021\\\/\",\"name\":\"INFORME DE SOLICITUDES DE INFORMACI\u00d3N 2021 - Despacho de la Gubernatura de Quintana Roo\",\"isPartOf\":{\"@id\":\"https:\\\/\\\/dge.qroo.gob.mx\\\/#website\"},\"datePublished\":\"2024-09-05T21:33:36+00:00\",\"dateModified\":\"2024-09-05T21:37:52+00:00\",\"breadcrumb\":{\"@id\":\"https:\\\/\\\/dge.qroo.gob.mx\\\/index.php\\\/informe-de-solicitudes-de-informacion-2021\\\/#breadcrumb\"},\"inLanguage\":\"es\",\"potentialAction\":[{\"@type\":\"ReadAction\",\"target\":[\"https:\\\/\\\/dge.qroo.gob.mx\\\/index.php\\\/informe-de-solicitudes-de-informacion-2021\\\/\"]}]},{\"@type\":\"BreadcrumbList\",\"@id\":\"https:\\\/\\\/dge.qroo.gob.mx\\\/index.php\\\/informe-de-solicitudes-de-informacion-2021\\\/#breadcrumb\",\"itemListElement\":[{\"@type\":\"ListItem\",\"position\":1,\"name\":\"Inicio\",\"item\":\"https:\\\/\\\/dge.qroo.gob.mx\\\/\"},{\"@type\":\"ListItem\",\"position\":2,\"name\":\"INFORME DE SOLICITUDES DE INFORMACI\u00d3N 2021\"}]},{\"@type\":\"WebSite\",\"@id\":\"https:\\\/\\\/dge.qroo.gob.mx\\\/#website\",\"url\":\"https:\\\/\\\/dge.qroo.gob.mx\\\/\",\"name\":\"Despacho de la Gubernatura de Quintana Roo\",\"description\":\"\",\"publisher\":{\"@id\":\"https:\\\/\\\/dge.qroo.gob.mx\\\/#organization\"},\"potentialAction\":[{\"@type\":\"SearchAction\",\"target\":{\"@type\":\"EntryPoint\",\"urlTemplate\":\"https:\\\/\\\/dge.qroo.gob.mx\\\/?s={search_term_string}\"},\"query-input\":{\"@type\":\"PropertyValueSpecification\",\"valueRequired\":true,\"valueName\":\"search_term_string\"}}],\"inLanguage\":\"es\"},{\"@type\":\"Organization\",\"@id\":\"https:\\\/\\\/dge.qroo.gob.mx\\\/#organization\",\"name\":\"Despacho de la Gubernatura de Quintana Roo\",\"url\":\"https:\\\/\\\/dge.qroo.gob.mx\\\/\",\"logo\":{\"@type\":\"ImageObject\",\"inLanguage\":\"es\",\"@id\":\"https:\\\/\\\/dge.qroo.gob.mx\\\/#\\\/schema\\\/logo\\\/image\\\/\",\"url\":\"https:\\\/\\\/dge.qroo.gob.mx\\\/wp-content\\\/uploads\\\/2026\\\/01\\\/DGROO-DESPACHO-DE-LA-GUBERNATURA-scaled.jpg\",\"contentUrl\":\"https:\\\/\\\/dge.qroo.gob.mx\\\/wp-content\\\/uploads\\\/2026\\\/01\\\/DGROO-DESPACHO-DE-LA-GUBERNATURA-scaled.jpg\",\"width\":2560,\"height\":619,\"caption\":\"Despacho de la Gubernatura de Quintana Roo\"},\"image\":{\"@id\":\"https:\\\/\\\/dge.qroo.gob.mx\\\/#\\\/schema\\\/logo\\\/image\\\/\"}}]}<\/script>\n<!-- \/ Yoast SEO plugin. -->","yoast_head_json":{"title":"INFORME DE SOLICITUDES DE INFORMACI\u00d3N 2021 - Despacho de la Gubernatura de Quintana Roo","robots":{"index":"index","follow":"follow","max-snippet":"max-snippet:-1","max-image-preview":"max-image-preview:large","max-video-preview":"max-video-preview:-1"},"canonical":"https:\/\/dge.qroo.gob.mx\/index.php\/informe-de-solicitudes-de-informacion-2021\/","og_locale":"es_MX","og_type":"article","og_title":"INFORME DE SOLICITUDES DE INFORMACI\u00d3N 2021 - Despacho de la Gubernatura de Quintana Roo","og_description":"INFORME DE SOLICITUDES DE INFORMACI\u00d3N 2021 FRACCION XXIX EN LA PLATAFORMA NACIONAL DE TRANSPARENCIA (PNT) Los sujetos obligados deber\u00e1n publicar una relaci\u00f3n de todos y cada uno de los informes que, de acuerdo con su naturaleza y la normatividad vigente que les resulte aplicable, se encuentren obligados a rendir ante cualquier otro sujeto obligado; asimismo, ... Leer m\u00e1s","og_url":"https:\/\/dge.qroo.gob.mx\/index.php\/informe-de-solicitudes-de-informacion-2021\/","og_site_name":"Despacho de la Gubernatura de Quintana Roo","article_modified_time":"2024-09-05T21:37:52+00:00","twitter_card":"summary_large_image","twitter_misc":{"Tiempo de lectura":"2 minutos"},"schema":{"@context":"https:\/\/schema.org","@graph":[{"@type":"WebPage","@id":"https:\/\/dge.qroo.gob.mx\/index.php\/informe-de-solicitudes-de-informacion-2021\/","url":"https:\/\/dge.qroo.gob.mx\/index.php\/informe-de-solicitudes-de-informacion-2021\/","name":"INFORME DE SOLICITUDES DE INFORMACI\u00d3N 2021 - Despacho de la Gubernatura de Quintana Roo","isPartOf":{"@id":"https:\/\/dge.qroo.gob.mx\/#website"},"datePublished":"2024-09-05T21:33:36+00:00","dateModified":"2024-09-05T21:37:52+00:00","breadcrumb":{"@id":"https:\/\/dge.qroo.gob.mx\/index.php\/informe-de-solicitudes-de-informacion-2021\/#breadcrumb"},"inLanguage":"es","potentialAction":[{"@type":"ReadAction","target":["https:\/\/dge.qroo.gob.mx\/index.php\/informe-de-solicitudes-de-informacion-2021\/"]}]},{"@type":"BreadcrumbList","@id":"https:\/\/dge.qroo.gob.mx\/index.php\/informe-de-solicitudes-de-informacion-2021\/#breadcrumb","itemListElement":[{"@type":"ListItem","position":1,"name":"Inicio","item":"https:\/\/dge.qroo.gob.mx\/"},{"@type":"ListItem","position":2,"name":"INFORME DE SOLICITUDES DE INFORMACI\u00d3N 2021"}]},{"@type":"WebSite","@id":"https:\/\/dge.qroo.gob.mx\/#website","url":"https:\/\/dge.qroo.gob.mx\/","name":"Despacho de la Gubernatura de Quintana Roo","description":"","publisher":{"@id":"https:\/\/dge.qroo.gob.mx\/#organization"},"potentialAction":[{"@type":"SearchAction","target":{"@type":"EntryPoint","urlTemplate":"https:\/\/dge.qroo.gob.mx\/?s={search_term_string}"},"query-input":{"@type":"PropertyValueSpecification","valueRequired":true,"valueName":"search_term_string"}}],"inLanguage":"es"},{"@type":"Organization","@id":"https:\/\/dge.qroo.gob.mx\/#organization","name":"Despacho de la Gubernatura de Quintana Roo","url":"https:\/\/dge.qroo.gob.mx\/","logo":{"@type":"ImageObject","inLanguage":"es","@id":"https:\/\/dge.qroo.gob.mx\/#\/schema\/logo\/image\/","url":"https:\/\/dge.qroo.gob.mx\/wp-content\/uploads\/2026\/01\/DGROO-DESPACHO-DE-LA-GUBERNATURA-scaled.jpg","contentUrl":"https:\/\/dge.qroo.gob.mx\/wp-content\/uploads\/2026\/01\/DGROO-DESPACHO-DE-LA-GUBERNATURA-scaled.jpg","width":2560,"height":619,"caption":"Despacho de la Gubernatura de Quintana Roo"},"image":{"@id":"https:\/\/dge.qroo.gob.mx\/#\/schema\/logo\/image\/"}}]}},"_links":{"self":[{"href":"https:\/\/dge.qroo.gob.mx\/index.php\/wp-json\/wp\/v2\/pages\/36455","targetHints":{"allow":["GET"]}}],"collection":[{"href":"https:\/\/dge.qroo.gob.mx\/index.php\/wp-json\/wp\/v2\/pages"}],"about":[{"href":"https:\/\/dge.qroo.gob.mx\/index.php\/wp-json\/wp\/v2\/types\/page"}],"author":[{"embeddable":true,"href":"https:\/\/dge.qroo.gob.mx\/index.php\/wp-json\/wp\/v2\/users\/4"}],"replies":[{"embeddable":true,"href":"https:\/\/dge.qroo.gob.mx\/index.php\/wp-json\/wp\/v2\/comments?post=36455"}],"version-history":[{"count":5,"href":"https:\/\/dge.qroo.gob.mx\/index.php\/wp-json\/wp\/v2\/pages\/36455\/revisions"}],"predecessor-version":[{"id":36460,"href":"https:\/\/dge.qroo.gob.mx\/index.php\/wp-json\/wp\/v2\/pages\/36455\/revisions\/36460"}],"wp:attachment":[{"href":"https:\/\/dge.qroo.gob.mx\/index.php\/wp-json\/wp\/v2\/media?parent=36455"}],"curies":[{"name":"wp","href":"https:\/\/api.w.org\/{rel}","templated":true}]}}