{"id":36109,"date":"2024-08-20T15:47:00","date_gmt":"2024-08-20T20:47:00","guid":{"rendered":"https:\/\/dge.qroo.gob.mx\/?page_id=36109"},"modified":"2024-08-20T15:47:02","modified_gmt":"2024-08-20T20:47:02","slug":"resultados-de-la-votacion-para-la-eleccion-de-los-integrantes-del-coepci","status":"publish","type":"page","link":"https:\/\/dge.qroo.gob.mx\/index.php\/resultados-de-la-votacion-para-la-eleccion-de-los-integrantes-del-coepci\/","title":{"rendered":"Resultados de la votaci\u00f3n para la elecci\u00f3n de los integrantes del COEPCI"},"content":{"rendered":"\n<hr class=\"wp-block-separator has-alpha-channel-opacity\"\/>\n\n\n\n<figure class=\"wp-block-pullquote\"><blockquote><p>Martes, 24 de Octubre de 2023<\/p><cite><em>\u201cCon base en los resultados en la primera etapa de la convocatoria, se solicitar\u00e1 al representante de la SECOES, convoque a la primera sesi\u00f3n extraordinaria con la finalidad de elegir de manera democr\u00e1tica al (a la) Presidente (a) del COEPCI.\u201d<\/em><\/cite><\/blockquote><\/figure>\n\n\n\n<div data-wp-interactive=\"core\/file\" class=\"wp-block-file\"><object data-wp-bind--hidden=\"!state.hasPdfPreview\" hidden class=\"wp-block-file__embed\" data=\"https:\/\/dge.qroo.gob.mx\/wp-content\/uploads\/2024\/08\/Resultados-Votaciones.pdf\" type=\"application\/pdf\" style=\"width:100%;height:600px\" aria-label=\"Incrustado de Resultados-Votaciones.\"><\/object><a id=\"wp-block-file--media-199334fd-297e-41a5-9588-14b8fb155fe4\" href=\"https:\/\/dge.qroo.gob.mx\/wp-content\/uploads\/2024\/08\/Resultados-Votaciones.pdf\">Resultados-Votaciones<\/a><a href=\"https:\/\/dge.qroo.gob.mx\/wp-content\/uploads\/2024\/08\/Resultados-Votaciones.pdf\" class=\"wp-block-file__button wp-element-button\" download aria-describedby=\"wp-block-file--media-199334fd-297e-41a5-9588-14b8fb155fe4\">Descarga<\/a><\/div>\n","protected":false},"excerpt":{"rendered":"<p>Martes, 24 de Octubre de 2023 \u201cCon base en los resultados en la primera etapa de la convocatoria, se solicitar\u00e1 al representante de la SECOES, convoque a la primera sesi\u00f3n extraordinaria con la finalidad de elegir de manera democr\u00e1tica al (a la) Presidente (a) del COEPCI.\u201d<\/p>\n","protected":false},"author":4,"featured_media":0,"parent":0,"menu_order":0,"comment_status":"closed","ping_status":"closed","template":"","meta":{"footnotes":""},"class_list":["post-36109","page","type-page","status-publish"],"yoast_head":"<!-- This site is optimized with the Yoast SEO plugin v27.4 - https:\/\/yoast.com\/product\/yoast-seo-wordpress\/ -->\n<title>Resultados de la votaci\u00f3n para la elecci\u00f3n de los integrantes del COEPCI - Despacho de la Gubernatura de Quintana Roo<\/title>\n<meta name=\"robots\" content=\"index, follow, max-snippet:-1, max-image-preview:large, max-video-preview:-1\" \/>\n<link rel=\"canonical\" href=\"https:\/\/dge.qroo.gob.mx\/index.php\/resultados-de-la-votacion-para-la-eleccion-de-los-integrantes-del-coepci\/\" \/>\n<meta property=\"og:locale\" content=\"es_MX\" \/>\n<meta property=\"og:type\" content=\"article\" \/>\n<meta property=\"og:title\" content=\"Resultados de la votaci\u00f3n para la elecci\u00f3n de los integrantes del COEPCI - Despacho de la Gubernatura de Quintana Roo\" \/>\n<meta property=\"og:description\" content=\"Martes, 24 de Octubre de 2023 \u201cCon base en los resultados en la primera etapa de la convocatoria, se solicitar\u00e1 al representante de la SECOES, convoque a la primera sesi\u00f3n extraordinaria con la finalidad de elegir de manera democr\u00e1tica al (a la) Presidente (a) del COEPCI.\u201d\" \/>\n<meta property=\"og:url\" content=\"https:\/\/dge.qroo.gob.mx\/index.php\/resultados-de-la-votacion-para-la-eleccion-de-los-integrantes-del-coepci\/\" \/>\n<meta property=\"og:site_name\" content=\"Despacho de la Gubernatura de Quintana Roo\" \/>\n<meta property=\"article:modified_time\" content=\"2024-08-20T20:47:02+00:00\" \/>\n<meta name=\"twitter:card\" content=\"summary_large_image\" \/>\n<meta name=\"twitter:label1\" content=\"Tiempo de lectura\" \/>\n\t<meta name=\"twitter:data1\" content=\"1 minuto\" \/>\n<script type=\"application\/ld+json\" class=\"yoast-schema-graph\">{\"@context\":\"https:\\\/\\\/schema.org\",\"@graph\":[{\"@type\":\"WebPage\",\"@id\":\"https:\\\/\\\/dge.qroo.gob.mx\\\/index.php\\\/resultados-de-la-votacion-para-la-eleccion-de-los-integrantes-del-coepci\\\/\",\"url\":\"https:\\\/\\\/dge.qroo.gob.mx\\\/index.php\\\/resultados-de-la-votacion-para-la-eleccion-de-los-integrantes-del-coepci\\\/\",\"name\":\"Resultados de la votaci\u00f3n para la elecci\u00f3n de los integrantes del COEPCI - Despacho de la Gubernatura de Quintana Roo\",\"isPartOf\":{\"@id\":\"https:\\\/\\\/dge.qroo.gob.mx\\\/#website\"},\"datePublished\":\"2024-08-20T20:47:00+00:00\",\"dateModified\":\"2024-08-20T20:47:02+00:00\",\"breadcrumb\":{\"@id\":\"https:\\\/\\\/dge.qroo.gob.mx\\\/index.php\\\/resultados-de-la-votacion-para-la-eleccion-de-los-integrantes-del-coepci\\\/#breadcrumb\"},\"inLanguage\":\"es\",\"potentialAction\":[{\"@type\":\"ReadAction\",\"target\":[\"https:\\\/\\\/dge.qroo.gob.mx\\\/index.php\\\/resultados-de-la-votacion-para-la-eleccion-de-los-integrantes-del-coepci\\\/\"]}]},{\"@type\":\"BreadcrumbList\",\"@id\":\"https:\\\/\\\/dge.qroo.gob.mx\\\/index.php\\\/resultados-de-la-votacion-para-la-eleccion-de-los-integrantes-del-coepci\\\/#breadcrumb\",\"itemListElement\":[{\"@type\":\"ListItem\",\"position\":1,\"name\":\"Inicio\",\"item\":\"https:\\\/\\\/dge.qroo.gob.mx\\\/\"},{\"@type\":\"ListItem\",\"position\":2,\"name\":\"Resultados de la votaci\u00f3n para la elecci\u00f3n de los integrantes del COEPCI\"}]},{\"@type\":\"WebSite\",\"@id\":\"https:\\\/\\\/dge.qroo.gob.mx\\\/#website\",\"url\":\"https:\\\/\\\/dge.qroo.gob.mx\\\/\",\"name\":\"Despacho de la Gubernatura de Quintana Roo\",\"description\":\"\",\"publisher\":{\"@id\":\"https:\\\/\\\/dge.qroo.gob.mx\\\/#organization\"},\"potentialAction\":[{\"@type\":\"SearchAction\",\"target\":{\"@type\":\"EntryPoint\",\"urlTemplate\":\"https:\\\/\\\/dge.qroo.gob.mx\\\/?s={search_term_string}\"},\"query-input\":{\"@type\":\"PropertyValueSpecification\",\"valueRequired\":true,\"valueName\":\"search_term_string\"}}],\"inLanguage\":\"es\"},{\"@type\":\"Organization\",\"@id\":\"https:\\\/\\\/dge.qroo.gob.mx\\\/#organization\",\"name\":\"Despacho de la Gubernatura de Quintana Roo\",\"url\":\"https:\\\/\\\/dge.qroo.gob.mx\\\/\",\"logo\":{\"@type\":\"ImageObject\",\"inLanguage\":\"es\",\"@id\":\"https:\\\/\\\/dge.qroo.gob.mx\\\/#\\\/schema\\\/logo\\\/image\\\/\",\"url\":\"https:\\\/\\\/dge.qroo.gob.mx\\\/wp-content\\\/uploads\\\/2026\\\/01\\\/DGROO-DESPACHO-DE-LA-GUBERNATURA-scaled.jpg\",\"contentUrl\":\"https:\\\/\\\/dge.qroo.gob.mx\\\/wp-content\\\/uploads\\\/2026\\\/01\\\/DGROO-DESPACHO-DE-LA-GUBERNATURA-scaled.jpg\",\"width\":2560,\"height\":619,\"caption\":\"Despacho de la Gubernatura de Quintana Roo\"},\"image\":{\"@id\":\"https:\\\/\\\/dge.qroo.gob.mx\\\/#\\\/schema\\\/logo\\\/image\\\/\"}}]}<\/script>\n<!-- \/ Yoast SEO plugin. -->","yoast_head_json":{"title":"Resultados de la votaci\u00f3n para la elecci\u00f3n de los integrantes del COEPCI - Despacho de la Gubernatura de Quintana Roo","robots":{"index":"index","follow":"follow","max-snippet":"max-snippet:-1","max-image-preview":"max-image-preview:large","max-video-preview":"max-video-preview:-1"},"canonical":"https:\/\/dge.qroo.gob.mx\/index.php\/resultados-de-la-votacion-para-la-eleccion-de-los-integrantes-del-coepci\/","og_locale":"es_MX","og_type":"article","og_title":"Resultados de la votaci\u00f3n para la elecci\u00f3n de los integrantes del COEPCI - Despacho de la Gubernatura de Quintana Roo","og_description":"Martes, 24 de Octubre de 2023 \u201cCon base en los resultados en la primera etapa de la convocatoria, se solicitar\u00e1 al representante de la SECOES, convoque a la primera sesi\u00f3n extraordinaria con la finalidad de elegir de manera democr\u00e1tica al (a la) Presidente (a) del COEPCI.\u201d","og_url":"https:\/\/dge.qroo.gob.mx\/index.php\/resultados-de-la-votacion-para-la-eleccion-de-los-integrantes-del-coepci\/","og_site_name":"Despacho de la Gubernatura de Quintana Roo","article_modified_time":"2024-08-20T20:47:02+00:00","twitter_card":"summary_large_image","twitter_misc":{"Tiempo de lectura":"1 minuto"},"schema":{"@context":"https:\/\/schema.org","@graph":[{"@type":"WebPage","@id":"https:\/\/dge.qroo.gob.mx\/index.php\/resultados-de-la-votacion-para-la-eleccion-de-los-integrantes-del-coepci\/","url":"https:\/\/dge.qroo.gob.mx\/index.php\/resultados-de-la-votacion-para-la-eleccion-de-los-integrantes-del-coepci\/","name":"Resultados de la votaci\u00f3n para la elecci\u00f3n de los integrantes del COEPCI - Despacho de la Gubernatura de Quintana Roo","isPartOf":{"@id":"https:\/\/dge.qroo.gob.mx\/#website"},"datePublished":"2024-08-20T20:47:00+00:00","dateModified":"2024-08-20T20:47:02+00:00","breadcrumb":{"@id":"https:\/\/dge.qroo.gob.mx\/index.php\/resultados-de-la-votacion-para-la-eleccion-de-los-integrantes-del-coepci\/#breadcrumb"},"inLanguage":"es","potentialAction":[{"@type":"ReadAction","target":["https:\/\/dge.qroo.gob.mx\/index.php\/resultados-de-la-votacion-para-la-eleccion-de-los-integrantes-del-coepci\/"]}]},{"@type":"BreadcrumbList","@id":"https:\/\/dge.qroo.gob.mx\/index.php\/resultados-de-la-votacion-para-la-eleccion-de-los-integrantes-del-coepci\/#breadcrumb","itemListElement":[{"@type":"ListItem","position":1,"name":"Inicio","item":"https:\/\/dge.qroo.gob.mx\/"},{"@type":"ListItem","position":2,"name":"Resultados de la votaci\u00f3n para la elecci\u00f3n de los integrantes del COEPCI"}]},{"@type":"WebSite","@id":"https:\/\/dge.qroo.gob.mx\/#website","url":"https:\/\/dge.qroo.gob.mx\/","name":"Despacho de la Gubernatura de Quintana Roo","description":"","publisher":{"@id":"https:\/\/dge.qroo.gob.mx\/#organization"},"potentialAction":[{"@type":"SearchAction","target":{"@type":"EntryPoint","urlTemplate":"https:\/\/dge.qroo.gob.mx\/?s={search_term_string}"},"query-input":{"@type":"PropertyValueSpecification","valueRequired":true,"valueName":"search_term_string"}}],"inLanguage":"es"},{"@type":"Organization","@id":"https:\/\/dge.qroo.gob.mx\/#organization","name":"Despacho de la Gubernatura de Quintana Roo","url":"https:\/\/dge.qroo.gob.mx\/","logo":{"@type":"ImageObject","inLanguage":"es","@id":"https:\/\/dge.qroo.gob.mx\/#\/schema\/logo\/image\/","url":"https:\/\/dge.qroo.gob.mx\/wp-content\/uploads\/2026\/01\/DGROO-DESPACHO-DE-LA-GUBERNATURA-scaled.jpg","contentUrl":"https:\/\/dge.qroo.gob.mx\/wp-content\/uploads\/2026\/01\/DGROO-DESPACHO-DE-LA-GUBERNATURA-scaled.jpg","width":2560,"height":619,"caption":"Despacho de la Gubernatura de Quintana Roo"},"image":{"@id":"https:\/\/dge.qroo.gob.mx\/#\/schema\/logo\/image\/"}}]}},"_links":{"self":[{"href":"https:\/\/dge.qroo.gob.mx\/index.php\/wp-json\/wp\/v2\/pages\/36109","targetHints":{"allow":["GET"]}}],"collection":[{"href":"https:\/\/dge.qroo.gob.mx\/index.php\/wp-json\/wp\/v2\/pages"}],"about":[{"href":"https:\/\/dge.qroo.gob.mx\/index.php\/wp-json\/wp\/v2\/types\/page"}],"author":[{"embeddable":true,"href":"https:\/\/dge.qroo.gob.mx\/index.php\/wp-json\/wp\/v2\/users\/4"}],"replies":[{"embeddable":true,"href":"https:\/\/dge.qroo.gob.mx\/index.php\/wp-json\/wp\/v2\/comments?post=36109"}],"version-history":[{"count":1,"href":"https:\/\/dge.qroo.gob.mx\/index.php\/wp-json\/wp\/v2\/pages\/36109\/revisions"}],"predecessor-version":[{"id":36113,"href":"https:\/\/dge.qroo.gob.mx\/index.php\/wp-json\/wp\/v2\/pages\/36109\/revisions\/36113"}],"wp:attachment":[{"href":"https:\/\/dge.qroo.gob.mx\/index.php\/wp-json\/wp\/v2\/media?parent=36109"}],"curies":[{"name":"wp","href":"https:\/\/api.w.org\/{rel}","templated":true}]}}